14?
2005
In base 9, what is 25 - 22855?
-22830
In base 5, what is 323 - 1111?
-233
In base 6, what is 3310 - -13?
3323
In base 15, what is -64 - -5e3?
57e
In base 12, what is 816 + 70b?
1325
In base 14, what is 10373 - 5?
1036c
In base 10, what is -199836 - -2?
-199834
In base 6, what is -12 - 55320?
-55332
In base 15, what is -5db - 7?
-5e3
In base 5, what is -244120040 - 1?
-244120041
In base 8, what is -7215 - 232?
-7447
In base 16, what is 1160 - 1?
115f
In base 3, what is 11 + 1120000012?
1120000100
In base 7, what is 1623 + 15043?
16666
In base 16, what is -4 + 130d?
1309
In base 7, what is 314 - -2444?
3061
In base 10, what is -1285 - 59?
-1344
In base 9, what is 41418 - 62?
41346
In base 13, what is -3ab30 - -5?
-3ab28
In base 10, what is 76538 + -6?
76532
In base 9, what is -322 - 2088?
-2421
In base 9, what is 25 - 4014?
-3878
In base 10, what is 3 - -20911?
20914
In base 10, what is 2 - -87981?
87983
In base 10, what is -190656 + 0?
-190656
In base 11, what is 12428 - 4?
12424
In base 13, what is -14 - cb6?
-cca
In base 14, what is -244b + 35?
-2416
In base 15, what is 2e762 - 5?
2e75c
In base 9, what is 2 - 126467?
-126465
In base 7, what is -265 - -530?
232
In base 10, what is -57 + -558?
-615
In base 3, what is -10120110121 + -100?
-10120110221
In base 16, what is 2e64 - 8b?
2dd9
In base 12, what is 9436 - 0?
9436
In base 11, what is -13861 - 2?
-13863
In base 3, what is -211202001010 + -2?
-211202001012
In base 4, what is 112 - 2203?
-2031
In base 7, what is 10034 - 46?
6655
In base 13, what is -10 + 2432a?
2431a
In base 4, what is -10031 + -313?
-11010
In base 6, what is -2 + 101300?
101254
In base 15, what is -45 - -53d?
4e8
In base 11, what is 3117 - -57?
3173
In base 5, what is -4010221 - 4?
-4010230
In base 12, what is -3b919 - -1b?
-3b8ba
In base 16, what is 3 - -2559?
255c
In base 8, what is -353301 - 0?
-353301
In base 14, what is 1133 + 443?
1576
In base 3, what is -2020102 - -2221111?
201002
In base 9, what is -772040 - -10?
-772030
In base 4, what is -12123 + -2203?
-20332
In base 16, what is -79 - -1044?
fcb
In base 2, what is 100001010000111111111 + -11?
100001010000111111100
In base 5, what is 1131224 - 4?
1131220
In base 10, what is -41389 + 3?
-41386
In base 12, what is -3 - -33876?
33873
In base 4, what is -10 + 22023001?
22022331
In base 14, what is 153a7b - 1?
153a7a
In base 13, what is -a + -4ba6?
-4bb3
In base 2, what is -101011111010 + -11010?
-101100010100
In base 15, what is 3 - -a7a6?
a7a9
In base 10, what is 4 + -689366?
-689362
In base 2, what is 1011001 + -10011001011?
-10001110010
In base 2, what is -1000001011111110100000 + 100?
-1000001011111110011100
In base 4, what is -3033 - -3101231?
3032132
In base 2, what is -1001110011110101101 - 11?
-1001110011110110000
In base 10, what is 316 + -665?
-349
In base 7, what is 30 + 1600521?
1600551
In base 13, what is 19 + 10?
29
In base 15, what is 20 - -5658?
5678
In base 15, what is 4d06 + 0?
4d06
In base 15, what is -a + 4e85?
4e7a
In base 16, what is -2057b + -1?
-2057c
In base 4, what is -311333 - 10?
-312003
In base 6, what is 21045 - -23?
21112
In base 8, what is -1163064 - 2?
-1163066
In base 4, what is 1020 - 100122233?
-100121213
In base 7, what is -1 - -110105?
110104
In base 2, what is -1110111 + -11001?
-10010000
In base 14, what is -69170 - 1?
-69171
In base 5, what is -2 - -101122122?
101122120
In base 10, what is 7 - 277229?
-277222
In base 5, what is 211 + -24141?
-23430
In base 16, what is -6 - 299?
-29f
In base 16, what is 1b - -c56?
c71
In base 2, what is 1 - -1110111001110010?
1110111001110011
In base 5, what is -10 - -40341?
40331
In base 14, what is 1 + 26b62a?
26b62b
In base 5, what is -1241011 + -4?
-1241020
In base 6, what is 5 - 13350244?
-13350235
In base 14, what is -20 - a7d?
-a9d
In base 2, what is 10000001111011 + -11?
10000001111000
In base 15, what is 8e7 + 4c3?
dba
In base 8, what is -31 - -51254?
51223
In base 2, what is -10111111001 + 1000?
-10111110001
In base 10, what is 5207 + 1?
5208
In base 11, what is 4 - 456225?
-456221
In base 5, what is -31033230 + -1?
-31033231
In base 7, what is 160455 - 2?
160453
In base 16, what is 5 - -17f0?
17f5
In base 2, what is -101 + -1000110001000001000?
-1000110001000001101
In base 13, what is -2 + 732?
730
In base 10, what is -316579 + -4?
-316583
In base 12, what is -2236 - 37?
-2271
In base 15, what is 28 + -13a1?
-1378
In base 15, what is 6aa9 + -1?
6aa8
In base 6, what is -250 - 20?
-310
In base 12, what is -5 - -a8a52?
a8a49
In base 8, what is -317 + -114?
-433
In base 8, what is 2 - -10131?
10133
In base 13, what is -c7 - cc3?
-10ba
In base 11, what is -22a - 2461?
-2690
In base 14, what is -276ad + -18?
-276c7
In base 13, what is -a7ca + -3?
-a800
In base 9, what is 612 + 1144?
1756
In base 11, what is 1 + -8315?
-8314
In base 7, what is 30315 - -163?
30511
In base 11, what is 3 - 273677?
-273674
In base 3, what is -2002010 - 112?
-2002122
In base 8, what is 126 - 24?
102
In base 4, what is -2000233032 + -1?
-2000233033
In base 5, what is 423202 + -13?
423134
In base 16, what is -4 + -1852?
-1856
In base 10, what is 336 - 642?
-306
In base 16, what is -21a6 + 17?
-218f
In base 13, what is 5 + 457c?
4584
In base 3, what is -2 - -221012200201?
221012200122
In base 12, what is -9770 + -3?
-9773
In base 7, what is -1044 + -31060?
-32134
In base 10, what is 707 + 92?
799
In base 7, what is -15621053 + -4?
-15621060
In base 8, what is -300 - 25106?
-25406
In base 2, what is 11 - -111001101101100?
111001101101111
In base 15, what is d5 + -26?
ae
In base 16, what is 1 + -13bf7?
-13bf6
In base 16, what is -2f - -2d4?
2a5
In base 6, what is 11 + -2320022?
-2320011
In base 11, what is -47 + -43a?
-486
In base 16, what is a6 - -513?
5b9
In base 16, what is 10 + 268?
278
In base 14, what is -a0 - 1827?
-18c7
In base 13, what is 163cc - 0?
163cc
In base 5, what is -2140 + -1430?
-4120
In base 12, what is -122957 - 3?
-12295a
In base 7, what is 355 + 63605?
64263
In base 10, what is -2 - 696495?
-696497
In base 2, what is 101110001 - 11?
101101110
In base 12, what is -1 + -13a6a?
-13a6b
In base 9, what is -8741 - 10?
-8751
In base 14, what is b03d - 35?
b008
In base 6, what is -3 + -1500?
-1503
In base 4, what is 112 - 1013330?
-1013212
In base 12, what is 16a - 107?
63
In base 15, what is 73ea - a?
73e0
In base 10, what is -1701 + 1878?
177
In base 11, what is 2a40a + -2?
2a408
In base 9, what is 63 - -740?
813
In base 7, what is -3 - -1312434?
1312431
In base 9, what is -24 + 185126?
185102
In base 8, what is 65602 - 10?
65572
In base 11, what is 6a - -1016?
1085
In base 4, what is 0 + -11332?
-11332
In base 10, what is -369 - -1310?
941
In base 14, what is 17 - 63b6?
-639d
In base 15, what is 3d66 - -c4?
3e3a
In base 9, what is 163632 + -3?
163628
In base 5, what is -2440212 + 1?
-2440211
In base 2, what is 1110100001001 + -10010?
1110011110111
In base 6, what is 2151 + -234?
1513
In base 4, what is 21133 + -100?
21033
In base 7, what is 3055 + 2?
3060
In base 6, what is 10044 + -3040?
3004
In base 11, what is 19 + 10a9?
1117
In base 15, what is -2763 + 6?
-275c
In base 16, what is 16 - c84?
-c6e
In base 3, what is -11011 - 20212?
-102000
In base 16, what is 5b3 + -4d?
566
In base 3, what is -1021210 + -2100000?
-10121210
In base 11, what is -2 + 3866?
3864
In base 6, what is 1 + -2303114?
-2303113
In base 16, what is -1131 - -ba?
-1077
In base 13, what is -174 + -42?
-1b6
In base 10, what is -111109 + 2?
-111107
In base 5, what is 10401 - 3122?
2224
In base 13, what is a0a + 43?
a50
In base 16, what is -6a + 4d?
-1d
In base 3, what is -1021121 - -22102?
-222012
In base 3, what is 100010121 - 1220110?
21020011
In base 7, what is 325 + 21562?
22220
In base 16, what is 2829d7 - -1?
2829d8
In base 3, what is 1201021012 - -20?
1201021102
In base 12, what is 1644 - 207?
1439
In base 3, what is 21210220221 - -12?
21210221010
In base 9, what is -7 - 201234?
-201242
In base 8, what is 7 - -1242141?
1242150
In base 6, what is 3152 - -2241?
5433
In base 8, what is 117631 + 1?
117632
In base 15, what is -7b - -a7?
2b
In base 11, what is -250 + 5?
-246
In base 10, what is 5 + -1893?
-1888
In base 16, what is 5 - -134?
139
In base 13, what is -182 - 117?
-299
In base 13, what is 19 + 49043?
4905c